{"id":258,"date":"2020-06-23T21:25:57","date_gmt":"2020-06-23T21:25:57","guid":{"rendered":"http:\/\/sk-tierschutz.de\/?page_id=258"},"modified":"2020-06-23T21:25:57","modified_gmt":"2020-06-23T21:25:57","slug":"der-verein","status":"publish","type":"page","link":"https:\/\/sk-tierschutz.de\/?page_id=258","title":{"rendered":"Der Verein"},"content":{"rendered":"\n<h1 class=\"wp-block-heading\">Wer wir sind<\/h1>\n\n\n\n<p class=\"has-medium-font-size\"><em>\u2026Text &#8222;wer wir sind&#8220;\u2026<\/em><\/p>\n\n\n\n<hr class=\"wp-block-separator\"\/>\n\n\n\n<h1 class=\"wp-block-heading\">Was wir tun<\/h1>\n\n\n\n<p class=\"has-medium-font-size\"><em>\u2026Text &#8222;was wir tun&#8220;\u2026<\/em><\/p>\n\n\n\n<hr class=\"wp-block-separator\"\/>\n\n\n\n<h1 class=\"wp-block-heading\">Unsere Mitglieder<\/h1>\n\n\n\n<div class=\"wp-block-media-text alignwide is-stacked-on-mobile is-vertically-aligned-top\" style=\"grid-template-columns:35% auto\"><figure class=\"wp-block-media-text__media\"><img loading=\"lazy\" decoding=\"async\" width=\"820\" height=\"1024\" src=\"http:\/\/sk-tierschutz.de\/wp-content\/uploads\/2020\/06\/Dolores-Angelika-820x1024.jpg\" alt=\"\" class=\"wp-image-261\" srcset=\"https:\/\/sk-tierschutz.de\/wp-content\/uploads\/2020\/06\/Dolores-Angelika-820x1024.jpg 820w, https:\/\/sk-tierschutz.de\/wp-content\/uploads\/2020\/06\/Dolores-Angelika-240x300.jpg 240w, https:\/\/sk-tierschutz.de\/wp-content\/uploads\/2020\/06\/Dolores-Angelika-768x960.jpg 768w, https:\/\/sk-tierschutz.de\/wp-content\/uploads\/2020\/06\/Dolores-Angelika.jpg 882w\" sizes=\"auto, (max-width: 820px) 100vw, 820px\" \/><\/figure><div class=\"wp-block-media-text__content\">\n<p class=\"has-normal-font-size\"><strong>Angelika Schneider<\/strong>, die Gr\u00fcnderin von Schattenkatzen-Streunerhilfe e.V. ist seit Jahrzehnten im Tierschutz aktiv.<\/p>\n\n\n\n<p class=\"has-normal-font-size\">Lag der Fokus fr\u00fcher beim Schutz von Pferden und Hunden, so k\u00fcmmert sie sich seit ca. 10 Jahren haupts\u00e4chlich um bed\u00fcrftige Katzen.<\/p>\n\n\n\n<p class=\"has-normal-font-size\">Derzeit versorgt sie 48 Katzen und eine Fuchsfamilie.<\/p>\n\n\n\n<p class=\"has-normal-font-size\">Die Mehrheit der Katzen sind Streuner oder vernachl\u00e4ssigte Hofkatzen, um die sich niemand k\u00fcmmert.<\/p>\n\n\n\n<p class=\"has-normal-font-size\">Einige besonders pflegeintensive Katzen wohnen bei Angelika und ihrem Hund zu Hause.<\/p>\n\n\n\n<p class=\"has-normal-font-size\">Sie versorgt die Tiere t\u00e4glich mit Futter, bringt sie zum Tierarzt, sorgt f\u00fcr Kastrationen und notwendige Therapien. Oftmals ist sie die letzte Rettung vor einem qualvollen Tod.<\/p>\n\n\n\n<p class=\"has-normal-font-size\">Weil ihre Herzensaufgabe ohne finanzielle Mittel nicht m\u00f6glich ist und sie alleine dies nicht stemmen kann, kam es zu der Gr\u00fcndung des Vereins Schattenkatzen-Streunerhilfe e.V.<\/p>\n\n\n\n<p class=\"has-normal-font-size\">Wir sind in den Anf\u00e4ngen und haben eine beschauliche Anzahl von Mitgliedern \u00fcber die wir sehr dankbar sind.<\/p>\n\n\n\n<p class=\"has-normal-font-size\">Leider \u00fcbersteigen die Ausgaben um ein Vielfaches das, was an Mitgliedsbeitr\u00e4gen reinkommt, so hoffen wir durch \u00d6ffentlichkeitsarbeit wie diese Homepage mehr Interessenten, F\u00f6rderer und Paten zu finden, damit wir weiterhin die Tiere versorgen k\u00f6nnen.<\/p>\n\n\n\n<p class=\"has-normal-font-size\">Herzlichen Dank<\/p>\n<\/div><\/div>\n","protected":false},"excerpt":{"rendered":"<p>Wer wir sind \u2026Text &#8222;wer wir sind&#8220;\u2026 Was wir tun \u2026Text &#8222;was wir tun&#8220;\u2026 Unsere Mitglieder Angelika Schneider, die Gr\u00fcnderin von Schattenkatzen-Streunerhilfe e.V. ist seit Jahrzehnten im Tierschutz aktiv. Lag der Fokus fr\u00fcher beim Schutz von Pferden und Hunden, so k\u00fcmmert sie sich seit ca. 10 Jahren haupts\u00e4chlich um bed\u00fcrftige Katzen. Derzeit versorgt sie 48 &hellip; <\/p>\n<p class=\"link-more\"><a href=\"https:\/\/sk-tierschutz.de\/?page_id=258\" class=\"more-link\">Continue reading<span class=\"screen-reader-text\"> &#8222;Der Verein&#8220;<\/span><\/a><\/p>\n","protected":false},"author":1,"featured_media":0,"parent":0,"menu_order":0,"comment_status":"closed","ping_status":"closed","template":"","meta":{"footnotes":""},"class_list":["post-258","page","type-page","status-publish","hentry"],"_links":{"self":[{"href":"https:\/\/sk-tierschutz.de\/index.php?rest_route=\/wp\/v2\/pages\/258","targetHints":{"allow":["GET"]}}],"collection":[{"href":"https:\/\/sk-tierschutz.de\/index.php?rest_route=\/wp\/v2\/pages"}],"about":[{"href":"https:\/\/sk-tierschutz.de\/index.php?rest_route=\/wp\/v2\/types\/page"}],"author":[{"embeddable":true,"href":"https:\/\/sk-tierschutz.de\/index.php?rest_route=\/wp\/v2\/users\/1"}],"replies":[{"embeddable":true,"href":"https:\/\/sk-tierschutz.de\/index.php?rest_route=%2Fwp%2Fv2%2Fcomments&post=258"}],"version-history":[{"count":6,"href":"https:\/\/sk-tierschutz.de\/index.php?rest_route=\/wp\/v2\/pages\/258\/revisions"}],"predecessor-version":[{"id":268,"href":"https:\/\/sk-tierschutz.de\/index.php?rest_route=\/wp\/v2\/pages\/258\/revisions\/268"}],"wp:attachment":[{"href":"https:\/\/sk-tierschutz.de\/index.php?rest_route=%2Fwp%2Fv2%2Fmedia&parent=258"}],"curies":[{"name":"wp","href":"https:\/\/api.w.org\/{rel}","templated":true}]}}